80*q - 7 - q**3 + 6*q**2 + 2*q**3. Determine z(-7).
0
Let r(l) = l**2 - 4*l - 7. Let m(p) = p**2 + 6. Let z be m(0). Give r(z).
5
Suppose 5*n - 31 = -21. Let i(r) = -r**3 + 4*r**2 - 2. Calculate i(n).
6
Let f(r) be the third derivative of r**6/120 + r**5/12 + r**4/8 - 9*r**2. Calculate f(-3).
9
Let g(s) = -s**2 - 2*s. Let h be 13/(-3) + (-2)/(-6). Let i(t) = t. Let v be i(h). Give g(v).
-8
Let a(v) = v**2 - 3*v - 4. Let u be a(4). Suppose u = -s - o - 2*o + 2, -o = 0. Let m(c) = -21*c + s + 25*c - 3. Calculate m(-1).
-5
Let l(j) = j**2 + j - 3. Let v be (-38)/(-8) + (-18)/24. What is l(v)?
17
Let d(o) = 13*o + 11. Let f(a) = 7*a + 6. Let u(v) = 6*d(v) - 11*f(v). Give u(1).
1
Let h(o) = o**3 + 6*o**2 + 5*o - 5. Let t be -4 - (-2)/((-8)/(-20)). Suppose 4*g - 61 = -25. Let a be (g + t)*(-5)/10. Calculate h(a).
-5
Let z be (1*3)/(18/(-24)). Let x be (-4 + 2)*(-6)/z. Let f(o) = o**2 + 6*o + 3. Calculate f(x).
-6
Let s(u) be the second derivative of u**5/20 + u**4/6 - 2*u**3/3 - u**2/2 + 2*u. Calculate s(-3).
2
Let q(m) be the first derivative of 5*m**2 + m - 2. What is q(-1)?
-9
Suppose -x - 14 = x - 5*r, -5*r - 14 = 2*x. Let s(t) = t**3 + 7*t**2 + t + 4. Let z be s(x). Let p(i) = -2*i**2 - 3*i + 3. What is p(z)?
-6
Let s(p) = 2*p**3 + 11*p**2 - 15*p - 17. Let v(z) = -3*z**3 - 16*z**2 + 22*z + 25. Let w(n) = -7*s(n) - 5*v(n). Calculate w(-4).
-2
Let h be (-1 - -1)/2 + 1. Let u(r) = h + r + 3*r - 6*r. Determine u(3).
-5
Let q(g) be the second derivative of -7*g**5/20 - g**2/2 - 7*g. Calculate q(1).
-8
Let b(y) = -2*y**2 - y. Let m be 15 - 11 - (-1 + -1). Suppose -4*g + 2*g - m = -x, 4*g = 3*x - 10. Determine b(x).
-6
Let h(d) = -d**2 + 6*d - 1. Let y be h(6). Let a(q) = -9*q + 1. Determine a(y).
10
Let c = -1 - 0. Let o(f) = -1. Let k(q) = 7*q**3 + q**2 + 2*q - 1. Let s(i) = c*k(i) + 2*o(i). Let v = 8 + -9. Give s(v).
7
Let i(m) = -29 + 82 - 25 - m - 24. What is i(-3)?
7
Let t be (-1)/(-2) - (-54)/12. Suppose -1 = -t*c - 11. Let v(g) = g**3 - g + 1. What is v(c)?
-5
Suppose 4*t + 12 = -2*v, -5*v - 2*t + 0 = -10. Let b = -4 + v. Let c(a) = b*a - a + 4*a. What is c(-2)?
-6
Suppose 5*o + 2*u - 16 = 0, 2*o + 0*u + 2*u = 10. Suppose 5*x + 0 = 10. Let r(t) = -2 + t**3 + 4*t**x - o*t**3 + 1. Determine r(4).
-1
Suppose 0 = g - 10*g - 18. Let n(b) = -b**3 + 2*b**2 + b - 1. Calculate n(g).
13
Let p(t) = -5*t. Let f(l) = -l**3 - l**2 + 1. Let s(q) = -3*q**3 - 10*q**2 - q + 9. Let h(n) = -4*f(n) + s(n). Let w be h(6). What is p(w)?
5
Let u(t) = t - 4. Suppose -c + 1 = 5. Calculate u(c).
-8
Let s(c) = c - 3. Let y(k) = -k**3 + 6*k**2 + 2. Let g be y(6). Suppose 3*u + 29 = 5*u - 3*b, -g*b - 10 = 0. What is s(u)?
4
Let o(h) = -h**2 + 0*h**2 + 6*h - 7*h**2 + h**3 + 2 + 2. Give o(7).
-3
Suppose -2 = -g + 2. Let f be 9/2*g/3. Let q(n) be the third derivative of n**5/60 - n**4/4 - n**3/3 + 3*n**2. Give q(f).
-2
Let v(i) = -i**2 + 2*i - 3. Suppose 0 = -n - 4*n - 50. Let o be (-4)/(-10) + (-16)/n. Calculate v(o).
-3
Let i be (-1)/((-2 - -1)/1). Let z(a) = 5*a**2 - a. Let p be z(1). Let g(x) = -x. Let k(o) = 3*o. Let v(t) = i*k(t) + p*g(t). What is v(5)?
-5
Let g(q) = -9*q**3 + q**2 - q. Suppose -2*h = -h - 8. Suppose -3*c + h = -4. Let o = -3 + c. What is g(o)?
-9
Let o = 35 - 39. Let q(u) = u**3 + 5*u**2 + 3*u - 5. What is q(o)?
-1
Suppose -3*l - l = -8. Let f(x) = -3 + 5*x + l - 4*x. Suppose -2*t + 3*t + 5*u = -7, -u - 5 = 2*t. Determine f(t).
-3
Let g(s) = s**2 - 3*s + 2. Let f be g(1). Let t(p) = -p**2 - 9. Determine t(f).
-9
Suppose 0 = -w + 4*k + 16, -5*k = -2*w - 3*k + 44. Let b = w - 17. Let l(q) = q**3 - 6*q**2 - 7*q - 3. Give l(b).
-3
Let n(j) = -j**3 - 4*j**2 + 2. Suppose 2*c - 10 = 7*c. Let i be 84/(-35) + c/(-5). Give n(i).
-6
Suppose -4*k + 5*k = 2*k. Let o(j) be the third derivative of k - j**2 + 7/6*j**3 - 1/6*j**4 + 0*j - 1/60*j**5. What is o(-5)?
2
Suppose 5*d = -4*w + 5*w + 8, -4*d - 23 = -5*w. Let f(r) = -r**2 + 7*r - 6. Determine f(w).
-6
Let i(w) = -7*w**2 - 11. Let s(g) = 6*g**2 + g + 10. Let d(r) = -5*i(r) - 6*s(r). Calculate d(-6).
-5
Let k(f) = f**2 - 7*f + 3. Let z(o) = -2*o**2 + 14*o - 6. Let n(m) = -5*k(m) - 2*z(m). Determine n(4).
9
Suppose 0 = i + 4*i + 15. Let h(o) be the first derivative of -o**4/4 - 4*o**3/3 + o**2/2 + 2*o + 2. Determine h(i).
-10
Suppose 5*f + h - 33 = 0, f + 3*f - 34 = 3*h. Let k(d) = d**3 - 6*d**2 - 7*d - 8. Determine k(f).
-8
Let h(z) = 7*z - 4. Let q(u) = -u + 1. Let m(f) = h(f) + 5*q(f). Calculate m(-3).
-5
Suppose 0 = -3*q + 16 + 11. Suppose q = -c - 2*h, 4*h = c - 0*h - 15. Let w(y) = -2*y**3 + 2*y + 1. Determine w(c).
1
Let a(k) = 15*k**2 - 1. Let z = 3 - 4. Give a(z).
14
Let q(r) = -7 + r + 2 + 1. Let o = -3 + 3. Suppose -2*h + 3*h = o. Determine q(h).
-4
Suppose 4*u - 3*w - 78 = 0, 40 = 2*u - 0*w - 2*w. Suppose -u = -4*d + d. Let b(v) = v - 4. Determine b(d).
2
Let d(f) = -f**2 - f - 6. Suppose -4*t + 47 = 11. Suppose t*n = 4*n. Calculate d(n).
-6
Suppose 4*c = -0*c. Let f(x) be the second derivative of x**4/12 - 2*x**2 + 2*x. Calculate f(c).
-4
Let y(v) be the first derivative of v**4/4 - 4*v**3/3 - 5*v**2/2 + 7*v - 1. Let f(t) = 3*t - 2. Let i be f(5). Let h = i + -8. What is y(h)?
7
Let u(h) = -h**3 + 7*h**2 + 8*h + 5. Suppose -10*a + 76 = -4. What is u(a)?
5
Let l(f) = 3*f - 10. Let z be l(5). Let b(t) = -t**2 + 7*t + 5. Give b(z).
15
Let o(p) = -p - 3*p**2 + 7 + 16*p**3 - 3*p**2 - 15*p**3 + 3*p. Give o(6).
19
Let y(c) = c**2 + 7*c + 26. Let i(u) = -u - 1. Let d(j) = -6*i(j) - y(j). What is d(0)?
-20
Suppose 3*l = l - 6. Let c = l - -5. Let s(t) = 0*t + 0*t - c + 4*t + 1. What is s(-2)?
-9
Let x(f) = f**3 - f**2 + f + 1. Let h(z) = z**2 + 1. Let k(w) = 4*h(w) + x(w). Determine k(-4).
-15
Let h(p) = -3 - 1 - 6*p - 2*p**3 - 6*p**2 + p**3. Let y be 1 + 1 - 9/(-3). Suppose 0 = -y*i + 2*i - 15. Give h(i).
1
Let j = 6 - 1. Let o be j*(-2)/(-4)*-2. Let s(d) = -d - 3. What is s(o)?
2
Let t = 1 - -1. Let z(j) = -j + t + 0 + 0*j + 1. Let a = -3 - -6. Calculate z(a).
0
Let s(r) be the third derivative of r**6/120 + r**5/20 + r**4/12 + r**3/3 - 19*r**2. What is s(-3)?
-4
Let a(h) be the third derivative of h**6/120 - h**5/10 + h**4/12 + h**3/3 + 9*h**2. Give a(6).
14
Suppose 0 = -71*m + 72*m - 5. Let u(y) = -5*y**2 + 9*y. Let w(a) = 6*a**2 - 10*a. Let k(c) = 5*u(c) + 4*w(c). Give k(m).
0
Let n = -23 + 27. Suppose 0 = -2*z + 3*i + 17, 3*i + 20 = n*z + z. Let o(q) = -7*q - 1. Determine o(z).
-8
Let r(a) = a**2 + 5*a - 2. Let n be -2 - (0 - (2 - 1)). Let p(z) = -7*z**3 - 1. Let m be p(n). Let j be (-51)/9 + 4/m. Calculate r(j).
-2
Let l(p) = -4*p - 4 - p**2 + 2 - p. Let s(j) = -4*j + 1. Let d be s(-1). Suppose d*h = 4*u - 41, -h - 3*u - 2 = -9. Calculate l(h).
-2
Suppose -g - 20 = -8. Let v be 3/g - (-42)/8. Let d(q) = -q**2 + 2*q. Let i(m) = m**2 - m - 1. Let y(z) = -6*d(z) - 5*i(z). Calculate y(v).
-5
Suppose -4*m = -m. Let y(d) = d + 2 + 4 - 2*d. What is y(m)?
6
Let b(q) = -2*q + 2. Let p be b(0). Let n(k) = 4*k + k**p + 3*k**2 + 4 + 0*k**3 - k**3. Suppose -2*l - r = -14, 24 = -3*l - 5*r + 59. Give n(l).
-1
Suppose 11*l - 12*l - 7 = 0. Let b(n) = n + 7. What is b(l)?
0
Suppose -w - 31 + 26 = 0. Let v(x) = x**2 + 6*x + 7. Determine v(w).
2
Let h(x) be the first derivative of x**7/840 + x**4/12 - x**3/3 + 1. Let p(t) be the third derivative of h(t). What is p(-2)?
-6
Let h(d) = -2*d - 3. Let m(w) = -w**2 + w - 1. Let r(i) = h(i) - m(i). Let k(b) = b**2 - 4*b - 3. Let p(u) = 3*k(u) - 4*r(u). Determine p(3).
-10
Let j(g) be the first derivative of -g**4/4 - g**3/3 - 3*g**2/2 - 2*g - 1. Let z be ((-18)/10 - -1)*5/2. Give j(z).
8
Suppose -24*h - 1 = -23*h. Let c(a) = 6*a**2. Give c(h).
6
Let d(p) = 6*p**2 - 2*p**2 + 5*p - 3 + 4 - 3*p**2. Determine d(-3).
-5
Let t(s) = -s**2 + 1. Let u(c) = 4*c + 1. Let g be u(-1). Let v(f) = 4*f + 1. Let d(z) = -z. Let w(h) = -3*d(h) - v(h). Let x be w(g). Calculate t(x).
-3
Let p(g) = 2*g - 5. Let u be p(5). Let j be u + (-1 - -3 - 2). Let o(a) = -3*a - a + j*a + 0*a. Give o(-4).
-4
Let z(q) = -11 + 3*q + 13 - 4*q. Calculate z(6).
-4
Let q(u) be the third derivative of -u**4/12 + 5*u**2. Suppose 4*w + 8 = -16. Give q(w).
12
Let s(w) = -3*w + 296 - 298 + 4*w. Let m = 8 - 14. Give s(m).
-8
Let p = 13 + -9. Let n(k) = k**2 - 5*k**2 + 2 + 5*k + k**3 + 3*k - 7*k. Give n(p).
6
Let o(g) = g